{"id":52,"date":"2021-02-23T09:38:45","date_gmt":"2021-02-23T08:38:45","guid":{"rendered":"http:\/\/www.fourfromdown.com\/?page_id=52"},"modified":"2021-03-12T08:56:18","modified_gmt":"2021-03-12T07:56:18","slug":"musikwuensche","status":"publish","type":"page","link":"https:\/\/www.fourfromdown.com\/index.php\/musikwuensche\/","title":{"rendered":"Musikw\u00fcnsche"},"content":{"rendered":"\t\t<div data-elementor-type=\"wp-page\" data-elementor-id=\"52\" class=\"elementor elementor-52\">\n\t\t\t\t\t\t<section class=\"elementor-section elementor-top-section elementor-element elementor-element-a5bd7a5 elementor-section-boxed elementor-section-height-default elementor-section-height-default\" data-id=\"a5bd7a5\" data-element_type=\"section\">\n\t\t\t\t\t\t<div class=\"elementor-container elementor-column-gap-default\">\n\t\t\t\t\t<div class=\"elementor-column elementor-col-50 elementor-top-column elementor-element elementor-element-82710df\" data-id=\"82710df\" data-element_type=\"column\">\n\t\t\t<div class=\"elementor-widget-wrap elementor-element-populated\">\n\t\t\t\t\t\t<div class=\"elementor-element elementor-element-588c84d elementor-widget elementor-widget-heading\" data-id=\"588c84d\" data-element_type=\"widget\" data-widget_type=\"heading.default\">\n\t\t\t\t<div class=\"elementor-widget-container\">\n\t\t\t\t\t<h5 class=\"elementor-heading-title elementor-size-default\">Ihr w\u00fcnscht und wir spielen...<\/h5>\t\t\t\t<\/div>\n\t\t\t\t<\/div>\n\t\t\t\t<div class=\"elementor-element elementor-element-0351a01 elementor-widget elementor-widget-text-editor\" data-id=\"0351a01\" data-element_type=\"widget\" data-widget_type=\"text-editor.default\">\n\t\t\t\t<div class=\"elementor-widget-container\">\n\t\t\t\t\t\t\t\t\t<p>Wollt ihr ein ganz spezielles Lied in einem unserer Konzerte h\u00f6ren, oder Eure Begleitung mit einem besonderen Song von uns \u00fcberraschen. Schreibt uns und wir machen das &#8211; wenn machbar \ud83d\ude09 m\u00f6glich. Bitte nicht vergessen anzugeben, f\u00fcr welches Konzert Euer Wunsch ist.<\/p>\t\t\t\t\t\t\t\t<\/div>\n\t\t\t\t<\/div>\n\t\t\t\t<div class=\"elementor-element elementor-element-9aa76a9 elementor-widget elementor-widget-text-editor\" data-id=\"9aa76a9\" data-element_type=\"widget\" data-widget_type=\"text-editor.default\">\n\t\t\t\t<div class=\"elementor-widget-container\">\n\t\t\t\t\t\t\t\t\t<p>\n<div class=\"wpcf7 no-js\" id=\"wpcf7-f1368-o1\" lang=\"de-DE\" dir=\"ltr\" data-wpcf7-id=\"1368\">\n<div class=\"screen-reader-response\"><p role=\"status\" aria-live=\"polite\" aria-atomic=\"true\"><\/p> <ul><\/ul><\/div>\n<form action=\"\/index.php\/wp-json\/wp\/v2\/pages\/52#wpcf7-f1368-o1\" method=\"post\" class=\"wpcf7-form init\" aria-label=\"Kontaktformular\" novalidate=\"novalidate\" data-status=\"init\">\n<fieldset class=\"hidden-fields-container\"><input type=\"hidden\" name=\"_wpcf7\" value=\"1368\" \/><input type=\"hidden\" name=\"_wpcf7_version\" value=\"6.1.5\" \/><input type=\"hidden\" name=\"_wpcf7_locale\" value=\"de_DE\" \/><input type=\"hidden\" name=\"_wpcf7_unit_tag\" value=\"wpcf7-f1368-o1\" \/><input type=\"hidden\" name=\"_wpcf7_container_post\" value=\"0\" \/><input type=\"hidden\" name=\"_wpcf7_posted_data_hash\" value=\"\" \/>\n<\/fieldset>\n<p><label> Dein Name<br \/>\n<span class=\"wpcf7-form-control-wrap\" data-name=\"your-name\"><input size=\"40\" maxlength=\"400\" class=\"wpcf7-form-control wpcf7-text wpcf7-validates-as-required\" aria-required=\"true\" aria-invalid=\"false\" value=\"\" type=\"text\" name=\"your-name\" \/><\/span> <\/label>\n<\/p>\n<p><label> Deine E-Mail-Adresse<br \/>\n<span class=\"wpcf7-form-control-wrap\" data-name=\"your-email\"><input size=\"40\" maxlength=\"400\" class=\"wpcf7-form-control wpcf7-email wpcf7-validates-as-required wpcf7-text wpcf7-validates-as-email\" aria-required=\"true\" aria-invalid=\"false\" value=\"\" type=\"email\" name=\"your-email\" \/><\/span> <\/label>\n<\/p>\n<p><label> Dein Wusikwunsch und der Konzerttermin<br \/>\n<span class=\"wpcf7-form-control-wrap\" data-name=\"textarea-159\"><textarea cols=\"40\" rows=\"10\" maxlength=\"2000\" class=\"wpcf7-form-control wpcf7-textarea\" aria-invalid=\"false\" name=\"textarea-159\"><\/textarea><\/span> <\/label>\n<\/p>\n<p><span class=\"wpcf7-form-control-wrap\" data-name=\"quiz-387\"><label><span class=\"wpcf7-quiz-label\">An welchem Fluss liegt K\u00f6ln?<\/span> <input size=\"40\" class=\"wpcf7-form-control wpcf7-quiz\" autocomplete=\"off\" aria-required=\"true\" aria-invalid=\"false\" type=\"text\" name=\"quiz-387\" \/><\/label><input type=\"hidden\" name=\"_wpcf7_quiz_answer_quiz-387\" value=\"53808fa381f7d66f704232f2dc8d2e24\" \/><\/span>\n<\/p>\n<p><input class=\"wpcf7-form-control wpcf7-submit has-spinner\" type=\"submit\" value=\"Senden\" \/>\n<\/p><p style=\"display: none !important;\" class=\"akismet-fields-container\" data-prefix=\"_wpcf7_ak_\"><label>&#916;<textarea name=\"_wpcf7_ak_hp_textarea\" cols=\"45\" rows=\"8\" maxlength=\"100\"><\/textarea><\/label><input type=\"hidden\" id=\"ak_js_1\" name=\"_wpcf7_ak_js\" value=\"104\"\/><script>document.getElementById( \"ak_js_1\" ).setAttribute( \"value\", ( new Date() ).getTime() );<\/script><\/p><div class=\"wpcf7-response-output\" aria-hidden=\"true\"><\/div>\n<\/form>\n<\/div>\n<\/p>\t\t\t\t\t\t\t\t<\/div>\n\t\t\t\t<\/div>\n\t\t\t\t\t<\/div>\n\t\t<\/div>\n\t\t\t\t<div class=\"elementor-column elementor-col-50 elementor-top-column elementor-element elementor-element-dc1d0d2\" data-id=\"dc1d0d2\" data-element_type=\"column\">\n\t\t\t<div class=\"elementor-widget-wrap elementor-element-populated\">\n\t\t\t\t\t\t<div class=\"elementor-element elementor-element-f9e65e8 elementor-widget elementor-widget-image-gallery\" data-id=\"f9e65e8\" data-element_type=\"widget\" data-widget_type=\"image-gallery.default\">\n\t\t\t\t<div class=\"elementor-widget-container\">\n\t\t\t\t\t\t\t<div class=\"elementor-image-gallery\">\n\t\t\t<div id='gallery-1' class='gallery galleryid-52 gallery-columns-1 gallery-size-medium_large'><figure class='gallery-item'>\n\t\t\t<div class='gallery-icon landscape'>\n\t\t\t\t<a data-elementor-open-lightbox=\"yes\" data-elementor-lightbox-slideshow=\"f9e65e8\" data-e-action-hash=\"#elementor-action%3Aaction%3Dlightbox%26settings%3DeyJpZCI6Njc3LCJ1cmwiOiJodHRwczpcL1wvd3d3LmZvdXJmcm9tZG93bi5jb21cL3dwLWNvbnRlbnRcL3VwbG9hZHNcLzIwMjFcLzAyXC9BY291c3RpYy1zb25ncy1hbmQtc3Rvcmllcy1saXZlLTMucG5nIiwic2xpZGVzaG93IjoiZjllNjVlOCJ9\" href='https:\/\/www.fourfromdown.com\/wp-content\/uploads\/2021\/02\/Acoustic-songs-and-stories-live-3.png'><img fetchpriority=\"high\" decoding=\"async\" width=\"768\" height=\"292\" src=\"https:\/\/www.fourfromdown.com\/wp-content\/uploads\/2021\/02\/Acoustic-songs-and-stories-live-3.png\" class=\"attachment-medium_large size-medium_large\" alt=\"\" \/><\/a>\n\t\t\t<\/div><\/figure><figure class='gallery-item'>\n\t\t\t<div class='gallery-icon portrait'>\n\t\t\t\t<a data-elementor-open-lightbox=\"yes\" data-elementor-lightbox-slideshow=\"f9e65e8\" data-e-action-hash=\"#elementor-action%3Aaction%3Dlightbox%26settings%3DeyJpZCI6Njg5LCJ1cmwiOiJodHRwczpcL1wvd3d3LmZvdXJmcm9tZG93bi5jb21cL3dwLWNvbnRlbnRcL3VwbG9hZHNcLzIwMjFcLzAyXC93ZWItYmlsZC5qcGciLCJzbGlkZXNob3ciOiJmOWU2NWU4In0%3D\" href='https:\/\/www.fourfromdown.com\/wp-content\/uploads\/2021\/02\/web-bild.jpg'><img decoding=\"async\" width=\"317\" height=\"320\" data-src=\"https:\/\/www.fourfromdown.com\/wp-content\/uploads\/2021\/02\/web-bild.jpg\" class=\"attachment-medium_large size-medium_large lazyload\" alt=\"Acoustic Unplugged Cover Band\" src=\"data:image\/svg+xml;base64,PHN2ZyB3aWR0aD0iMSIgaGVpZ2h0PSIxIiB4bWxucz0iaHR0cDovL3d3dy53My5vcmcvMjAwMC9zdmciPjwvc3ZnPg==\" style=\"--smush-placeholder-width: 317px; --smush-placeholder-aspect-ratio: 317\/320;\" \/><\/a>\n\t\t\t<\/div><\/figure><figure class='gallery-item'>\n\t\t\t<div class='gallery-icon landscape'>\n\t\t\t\t<a data-elementor-open-lightbox=\"yes\" data-elementor-lightbox-slideshow=\"f9e65e8\" data-e-action-hash=\"#elementor-action%3Aaction%3Dlightbox%26settings%3DeyJpZCI6Njg1LCJ1cmwiOiJodHRwczpcL1wvd3d3LmZvdXJmcm9tZG93bi5jb21cL3dwLWNvbnRlbnRcL3VwbG9hZHNcLzIwMjFcLzAyXC9TdG9ja1NuYXBfNldNRUhJVjIxUi5qcGciLCJzbGlkZXNob3ciOiJmOWU2NWU4In0%3D\" href='https:\/\/www.fourfromdown.com\/wp-content\/uploads\/2021\/02\/StockSnap_6WMEHIV21R.jpg'><img decoding=\"async\" width=\"768\" height=\"512\" data-src=\"https:\/\/www.fourfromdown.com\/wp-content\/uploads\/2021\/02\/StockSnap_6WMEHIV21R.jpg\" class=\"attachment-medium_large size-medium_large lazyload\" alt=\"\" src=\"data:image\/svg+xml;base64,PHN2ZyB3aWR0aD0iMSIgaGVpZ2h0PSIxIiB4bWxucz0iaHR0cDovL3d3dy53My5vcmcvMjAwMC9zdmciPjwvc3ZnPg==\" style=\"--smush-placeholder-width: 768px; --smush-placeholder-aspect-ratio: 768\/512;\" \/><\/a>\n\t\t\t<\/div><\/figure>\n\t\t<\/div>\n\t\t<\/div>\n\t\t\t\t\t\t<\/div>\n\t\t\t\t<\/div>\n\t\t\t\t\t<\/div>\n\t\t<\/div>\n\t\t\t\t\t<\/div>\n\t\t<\/section>\n\t\t\t\t<\/div>\n\t\t","protected":false},"excerpt":{"rendered":"<p>Ihr w\u00fcnscht und wir spielen&#8230; Wollt ihr ein ganz spezielles Lied in einem unserer Konzerte h\u00f6ren, oder Eure Begleitung mit einem besonderen Song von uns \u00fcberraschen. Schreibt uns und wir machen das &#8211; wenn machbar \ud83d\ude09 m\u00f6glich. Bitte nicht vergessen anzugeben, f\u00fcr welches Konzert Euer Wunsch ist.<\/p>\n","protected":false},"author":1,"featured_media":0,"parent":0,"menu_order":0,"comment_status":"closed","ping_status":"closed","template":"","meta":{"_uag_custom_page_level_css":"","site-sidebar-layout":"default","site-content-layout":"default","ast-site-content-layout":"default","site-content-style":"default","site-sidebar-style":"default","ast-global-header-display":"","ast-banner-title-visibility":"","ast-main-header-display":"","ast-hfb-above-header-display":"","ast-hfb-below-header-display":"","ast-hfb-mobile-header-display":"","site-post-title":"","ast-breadcrumbs-content":"","ast-featured-img":"","footer-sml-layout":"","ast-disable-related-posts":"","theme-transparent-header-meta":"default","adv-header-id-meta":"","stick-header-meta":"","header-above-stick-meta":"","header-main-stick-meta":"","header-below-stick-meta":"","astra-migrate-meta-layouts":"default","ast-page-background-enabled":"default","ast-page-background-meta":{"desktop":{"background-color":"","background-image":"","background-repeat":"repeat","background-position":"center center","background-size":"auto","background-attachment":"scroll","background-type":"","background-media":"","overlay-type":"","overlay-color":"","overlay-opacity":"","overlay-gradient":""},"tablet":{"background-color":"","background-image":"","background-repeat":"repeat","background-position":"center center","background-size":"auto","background-attachment":"scroll","background-type":"","background-media":"","overlay-type":"","overlay-color":"","overlay-opacity":"","overlay-gradient":""},"mobile":{"background-color":"","background-image":"","background-repeat":"repeat","background-position":"center center","background-size":"auto","background-attachment":"scroll","background-type":"","background-media":"","overlay-type":"","overlay-color":"","overlay-opacity":"","overlay-gradient":""}},"ast-content-background-meta":{"desktop":{"background-color":"var(--ast-global-color-5)","background-image":"","background-repeat":"repeat","background-position":"center center","background-size":"auto","background-attachment":"scroll","background-type":"","background-media":"","overlay-type":"","overlay-color":"","overlay-opacity":"","overlay-gradient":""},"tablet":{"background-color":"var(--ast-global-color-5)","background-image":"","background-repeat":"repeat","background-position":"center center","background-size":"auto","background-attachment":"scroll","background-type":"","background-media":"","overlay-type":"","overlay-color":"","overlay-opacity":"","overlay-gradient":""},"mobile":{"background-color":"var(--ast-global-color-5)","background-image":"","background-repeat":"repeat","background-position":"center center","background-size":"auto","background-attachment":"scroll","background-type":"","background-media":"","overlay-type":"","overlay-color":"","overlay-opacity":"","overlay-gradient":""}},"footnotes":""},"class_list":["post-52","page","type-page","status-publish","hentry"],"yoast_head":"<!-- This site is optimized with the Yoast SEO plugin v27.3 - https:\/\/yoast.com\/product\/yoast-seo-wordpress\/ -->\n<title>Musikw\u00fcnsche - Four From Down<\/title>\n<meta name=\"robots\" content=\"index, follow, max-snippet:-1, max-image-preview:large, max-video-preview:-1\" \/>\n<link rel=\"canonical\" href=\"https:\/\/www.fourfromdown.com\/index.php\/musikwuensche\/\" \/>\n<meta property=\"og:locale\" content=\"de_DE\" \/>\n<meta property=\"og:type\" content=\"article\" \/>\n<meta property=\"og:title\" content=\"Musikw\u00fcnsche - Four From Down\" \/>\n<meta property=\"og:description\" content=\"Ihr w\u00fcnscht und wir spielen&#8230; Wollt ihr ein ganz spezielles Lied in einem unserer Konzerte h\u00f6ren, oder Eure Begleitung mit einem besonderen Song von uns \u00fcberraschen. Schreibt uns und wir machen das &#8211; wenn machbar \ud83d\ude09 m\u00f6glich. Bitte nicht vergessen anzugeben, f\u00fcr welches Konzert Euer Wunsch ist.\" \/>\n<meta property=\"og:url\" content=\"https:\/\/www.fourfromdown.com\/index.php\/musikwuensche\/\" \/>\n<meta property=\"og:site_name\" content=\"Four From Down\" \/>\n<meta property=\"article:publisher\" content=\"https:\/\/www.facebook.com\/fourfromdown\" \/>\n<meta property=\"article:modified_time\" content=\"2021-03-12T07:56:18+00:00\" \/>\n<meta property=\"og:image\" content=\"http:\/\/www.fourfromdown.com\/wp-content\/uploads\/2021\/02\/Acoustic-songs-and-stories-live-3.png\" \/>\n<meta name=\"twitter:card\" content=\"summary_large_image\" \/>\n<meta name=\"twitter:label1\" content=\"Gesch\u00e4tzte Lesezeit\" \/>\n\t<meta name=\"twitter:data1\" content=\"1\u00a0Minute\" \/>\n<script type=\"application\/ld+json\" class=\"yoast-schema-graph\">{\"@context\":\"https:\\\/\\\/schema.org\",\"@graph\":[{\"@type\":\"WebPage\",\"@id\":\"https:\\\/\\\/www.fourfromdown.com\\\/index.php\\\/musikwuensche\\\/\",\"url\":\"https:\\\/\\\/www.fourfromdown.com\\\/index.php\\\/musikwuensche\\\/\",\"name\":\"Musikw\u00fcnsche - Four From Down\",\"isPartOf\":{\"@id\":\"https:\\\/\\\/www.fourfromdown.com\\\/#website\"},\"primaryImageOfPage\":{\"@id\":\"https:\\\/\\\/www.fourfromdown.com\\\/index.php\\\/musikwuensche\\\/#primaryimage\"},\"image\":{\"@id\":\"https:\\\/\\\/www.fourfromdown.com\\\/index.php\\\/musikwuensche\\\/#primaryimage\"},\"thumbnailUrl\":\"http:\\\/\\\/www.fourfromdown.com\\\/wp-content\\\/uploads\\\/2021\\\/02\\\/Acoustic-songs-and-stories-live-3.png\",\"datePublished\":\"2021-02-23T08:38:45+00:00\",\"dateModified\":\"2021-03-12T07:56:18+00:00\",\"breadcrumb\":{\"@id\":\"https:\\\/\\\/www.fourfromdown.com\\\/index.php\\\/musikwuensche\\\/#breadcrumb\"},\"inLanguage\":\"de\",\"potentialAction\":[{\"@type\":\"ReadAction\",\"target\":[\"https:\\\/\\\/www.fourfromdown.com\\\/index.php\\\/musikwuensche\\\/\"]}]},{\"@type\":\"ImageObject\",\"inLanguage\":\"de\",\"@id\":\"https:\\\/\\\/www.fourfromdown.com\\\/index.php\\\/musikwuensche\\\/#primaryimage\",\"url\":\"https:\\\/\\\/www.fourfromdown.com\\\/wp-content\\\/uploads\\\/2021\\\/02\\\/Acoustic-songs-and-stories-live-3.png\",\"contentUrl\":\"https:\\\/\\\/www.fourfromdown.com\\\/wp-content\\\/uploads\\\/2021\\\/02\\\/Acoustic-songs-and-stories-live-3.png\",\"width\":820,\"height\":312},{\"@type\":\"BreadcrumbList\",\"@id\":\"https:\\\/\\\/www.fourfromdown.com\\\/index.php\\\/musikwuensche\\\/#breadcrumb\",\"itemListElement\":[{\"@type\":\"ListItem\",\"position\":1,\"name\":\"Startseite\",\"item\":\"https:\\\/\\\/www.fourfromdown.com\\\/\"},{\"@type\":\"ListItem\",\"position\":2,\"name\":\"Musikw\u00fcnsche\"}]},{\"@type\":\"WebSite\",\"@id\":\"https:\\\/\\\/www.fourfromdown.com\\\/#website\",\"url\":\"https:\\\/\\\/www.fourfromdown.com\\\/\",\"name\":\"Four From Down\",\"description\":\"Acoustic songs and stories\",\"publisher\":{\"@id\":\"https:\\\/\\\/www.fourfromdown.com\\\/#organization\"},\"potentialAction\":[{\"@type\":\"SearchAction\",\"target\":{\"@type\":\"EntryPoint\",\"urlTemplate\":\"https:\\\/\\\/www.fourfromdown.com\\\/?s={search_term_string}\"},\"query-input\":{\"@type\":\"PropertyValueSpecification\",\"valueRequired\":true,\"valueName\":\"search_term_string\"}}],\"inLanguage\":\"de\"},{\"@type\":\"Organization\",\"@id\":\"https:\\\/\\\/www.fourfromdown.com\\\/#organization\",\"name\":\"Four from Down\",\"url\":\"https:\\\/\\\/www.fourfromdown.com\\\/\",\"logo\":{\"@type\":\"ImageObject\",\"inLanguage\":\"de\",\"@id\":\"https:\\\/\\\/www.fourfromdown.com\\\/#\\\/schema\\\/logo\\\/image\\\/\",\"url\":\"http:\\\/\\\/www.fourfromdown.com\\\/wp-content\\\/uploads\\\/2021\\\/02\\\/Grau-frei.png\",\"contentUrl\":\"http:\\\/\\\/www.fourfromdown.com\\\/wp-content\\\/uploads\\\/2021\\\/02\\\/Grau-frei.png\",\"width\":203,\"height\":311,\"caption\":\"Four from Down\"},\"image\":{\"@id\":\"https:\\\/\\\/www.fourfromdown.com\\\/#\\\/schema\\\/logo\\\/image\\\/\"},\"sameAs\":[\"https:\\\/\\\/www.facebook.com\\\/fourfromdown\"]}]}<\/script>\n<!-- \/ Yoast SEO plugin. -->","yoast_head_json":{"title":"Musikw\u00fcnsche - Four From Down","robots":{"index":"index","follow":"follow","max-snippet":"max-snippet:-1","max-image-preview":"max-image-preview:large","max-video-preview":"max-video-preview:-1"},"canonical":"https:\/\/www.fourfromdown.com\/index.php\/musikwuensche\/","og_locale":"de_DE","og_type":"article","og_title":"Musikw\u00fcnsche - Four From Down","og_description":"Ihr w\u00fcnscht und wir spielen&#8230; Wollt ihr ein ganz spezielles Lied in einem unserer Konzerte h\u00f6ren, oder Eure Begleitung mit einem besonderen Song von uns \u00fcberraschen. Schreibt uns und wir machen das &#8211; wenn machbar \ud83d\ude09 m\u00f6glich. Bitte nicht vergessen anzugeben, f\u00fcr welches Konzert Euer Wunsch ist.","og_url":"https:\/\/www.fourfromdown.com\/index.php\/musikwuensche\/","og_site_name":"Four From Down","article_publisher":"https:\/\/www.facebook.com\/fourfromdown","article_modified_time":"2021-03-12T07:56:18+00:00","og_image":[{"url":"http:\/\/www.fourfromdown.com\/wp-content\/uploads\/2021\/02\/Acoustic-songs-and-stories-live-3.png","type":"","width":"","height":""}],"twitter_card":"summary_large_image","twitter_misc":{"Gesch\u00e4tzte Lesezeit":"1\u00a0Minute"},"schema":{"@context":"https:\/\/schema.org","@graph":[{"@type":"WebPage","@id":"https:\/\/www.fourfromdown.com\/index.php\/musikwuensche\/","url":"https:\/\/www.fourfromdown.com\/index.php\/musikwuensche\/","name":"Musikw\u00fcnsche - Four From Down","isPartOf":{"@id":"https:\/\/www.fourfromdown.com\/#website"},"primaryImageOfPage":{"@id":"https:\/\/www.fourfromdown.com\/index.php\/musikwuensche\/#primaryimage"},"image":{"@id":"https:\/\/www.fourfromdown.com\/index.php\/musikwuensche\/#primaryimage"},"thumbnailUrl":"http:\/\/www.fourfromdown.com\/wp-content\/uploads\/2021\/02\/Acoustic-songs-and-stories-live-3.png","datePublished":"2021-02-23T08:38:45+00:00","dateModified":"2021-03-12T07:56:18+00:00","breadcrumb":{"@id":"https:\/\/www.fourfromdown.com\/index.php\/musikwuensche\/#breadcrumb"},"inLanguage":"de","potentialAction":[{"@type":"ReadAction","target":["https:\/\/www.fourfromdown.com\/index.php\/musikwuensche\/"]}]},{"@type":"ImageObject","inLanguage":"de","@id":"https:\/\/www.fourfromdown.com\/index.php\/musikwuensche\/#primaryimage","url":"https:\/\/www.fourfromdown.com\/wp-content\/uploads\/2021\/02\/Acoustic-songs-and-stories-live-3.png","contentUrl":"https:\/\/www.fourfromdown.com\/wp-content\/uploads\/2021\/02\/Acoustic-songs-and-stories-live-3.png","width":820,"height":312},{"@type":"BreadcrumbList","@id":"https:\/\/www.fourfromdown.com\/index.php\/musikwuensche\/#breadcrumb","itemListElement":[{"@type":"ListItem","position":1,"name":"Startseite","item":"https:\/\/www.fourfromdown.com\/"},{"@type":"ListItem","position":2,"name":"Musikw\u00fcnsche"}]},{"@type":"WebSite","@id":"https:\/\/www.fourfromdown.com\/#website","url":"https:\/\/www.fourfromdown.com\/","name":"Four From Down","description":"Acoustic songs and stories","publisher":{"@id":"https:\/\/www.fourfromdown.com\/#organization"},"potentialAction":[{"@type":"SearchAction","target":{"@type":"EntryPoint","urlTemplate":"https:\/\/www.fourfromdown.com\/?s={search_term_string}"},"query-input":{"@type":"PropertyValueSpecification","valueRequired":true,"valueName":"search_term_string"}}],"inLanguage":"de"},{"@type":"Organization","@id":"https:\/\/www.fourfromdown.com\/#organization","name":"Four from Down","url":"https:\/\/www.fourfromdown.com\/","logo":{"@type":"ImageObject","inLanguage":"de","@id":"https:\/\/www.fourfromdown.com\/#\/schema\/logo\/image\/","url":"http:\/\/www.fourfromdown.com\/wp-content\/uploads\/2021\/02\/Grau-frei.png","contentUrl":"http:\/\/www.fourfromdown.com\/wp-content\/uploads\/2021\/02\/Grau-frei.png","width":203,"height":311,"caption":"Four from Down"},"image":{"@id":"https:\/\/www.fourfromdown.com\/#\/schema\/logo\/image\/"},"sameAs":["https:\/\/www.facebook.com\/fourfromdown"]}]}},"uagb_featured_image_src":{"full":false,"thumbnail":false,"medium":false,"medium_large":false,"large":false,"1536x1536":false,"2048x2048":false},"uagb_author_info":{"display_name":"Andreas","author_link":"https:\/\/www.fourfromdown.com\/index.php\/author\/andreas\/"},"uagb_comment_info":0,"uagb_excerpt":"Ihr w\u00fcnscht und wir spielen&#8230; Wollt ihr ein ganz spezielles Lied in einem unserer Konzerte h\u00f6ren, oder Eure Begleitung mit einem besonderen Song von uns \u00fcberraschen. Schreibt uns und wir machen das &#8211; wenn machbar \ud83d\ude09 m\u00f6glich. Bitte nicht vergessen anzugeben, f\u00fcr welches Konzert Euer Wunsch ist.","_links":{"self":[{"href":"https:\/\/www.fourfromdown.com\/index.php\/wp-json\/wp\/v2\/pages\/52","targetHints":{"allow":["GET"]}}],"collection":[{"href":"https:\/\/www.fourfromdown.com\/index.php\/wp-json\/wp\/v2\/pages"}],"about":[{"href":"https:\/\/www.fourfromdown.com\/index.php\/wp-json\/wp\/v2\/types\/page"}],"author":[{"embeddable":true,"href":"https:\/\/www.fourfromdown.com\/index.php\/wp-json\/wp\/v2\/users\/1"}],"replies":[{"embeddable":true,"href":"https:\/\/www.fourfromdown.com\/index.php\/wp-json\/wp\/v2\/comments?post=52"}],"version-history":[{"count":10,"href":"https:\/\/www.fourfromdown.com\/index.php\/wp-json\/wp\/v2\/pages\/52\/revisions"}],"predecessor-version":[{"id":1371,"href":"https:\/\/www.fourfromdown.com\/index.php\/wp-json\/wp\/v2\/pages\/52\/revisions\/1371"}],"wp:attachment":[{"href":"https:\/\/www.fourfromdown.com\/index.php\/wp-json\/wp\/v2\/media?parent=52"}],"curies":[{"name":"wp","href":"https:\/\/api.w.org\/{rel}","templated":true}]}}